erivative of -b**2/2 - 2*b + 200. Suppose 2*v - 6*d - 41 = -d, 3*v - 74 = -5*d. Suppose 4*w - h = w - v, 5*w - h = -37. Give m(w).
5
Let x = -65 - -70. Let v(w) = 3*w - 12. Let y be v(x). Suppose -y*j - 4 = -c, -3*c - j - 6 = -c. Let s(i) = -4*i - 2. Determine s(c).
6
Suppose -11*j + 140 = -7*j. Let b be (-1)/(-4 - (-135)/j). Let m(t) = t + 15. Let n(x) = -3*x - 31. Let p(w) = -5*m(w) - 2*n(w). Calculate p(b).
-6
Let r(z) = -4*z + 7. Let n be (-1)/((42/(-35))/(-6)). Let c(b) = -3*b + 6. Let i(m) = n*c(m) + 4*r(m). What is i(-8)?
6
Let v(n) = -2*n**2 + 7*n + 3. Suppose 0 = -3*c + 4*h + 10, -4*h + 19 = 4*c - 41. Let s be (-32)/(-5) - 4/c. Determine v(s).
-27
Let g(k) = -2*k + 2. Let a(l) = -7*l + 8. Let y(u) = -2*a(u) + 9*g(u). Let x(i) = -i**2 + 16*i - 65. Let n be x(9). Give y(n).
10
Suppose 4*q = -3*r - 7, -3*r + 2 - 19 = -q. Let f(x) = -3*x - 880*x**2 - 2 + 2 + 881*x**q. What is f(2)?
-2
Let z(u) = 1002*u**2 - 1000*u**2 + 47*u + 78 - 17*u. Calculate z(-3).
6
Let c(k) = 100*k - 392. Let a be c(4). Let y(v) be the first derivative of -5/3*v**3 + 2*v + 3*v**2 + a - 1/4*v**4. Determine y(-6).
2
Let d = 906 + -905. Let a be 1/2*4*d. Let h(m) = 3*m**2 - 7*m + 4. Calculate h(a).
2
Let z(n) = n + 2. Let h(v) = v. Let d(r) = 2*h(r) - 3*z(r). Let c(m) = -m**2 + 17*m + 18. Let q be c(16). Suppose -5*l + 14 = q. Determine d(l).
-2
Suppose 5*n + 12 + 0 = 4*c, 0 = -4*n + c - 14. Let z = -193 - -201. Let g(a) = z + 0 - 3 + a. Determine g(n).
1
Let z(u) = u**3 - 17*u**2 + 15*u + 21. Let q be 3/9*1047 + (-12)/4. Suppose -341*w + q*w = 80. What is z(w)?
5
Let z(x) = -5*x + 12*x**3 + 1 - 16*x**3 + 4 + 6*x**2. Let q(t) = 3*t**3 - 5*t**2 + 4*t - 4. Let l be 3 - 4/(-8)*(1 - 1). Let w(i) = l*q(i) + 2*z(i). Give w(3).
4
Let l(b) = -144*b + 192. Let i(j) = 62*j - 95. Let t(r) = -14*i(r) - 6*l(r). Determine t(43).
6
Let x(r) = -2995788*r**3 + 2995789*r**3 + 0*r**2 - 3*r**2 + 2*r + 7 + 4*r**2. What is x(4)?
95
Let r(i) = -i - 7. Let j(l) = -3*l - 18. Let v(m) = -2*j(m) + 5*r(m). Let d(x) = -x**3 - 4*x**2 + 8*x - 11. Let o be d(-6). Determine v(o).
14
Suppose 14*y - 3 = 13*y. Let k(r) = 6*r + 22 - 2*r**2 + 21 - y*r - 45. Calculate k(5).
-37
Let f(r) = -r**2 - 4*r + 5. Let t(o) = o - 1. Let q be t(3). Let s be 115/65 + 9/39. Suppose 0 = s*n - 0*v - 2*v, 0 = -q*n - v - 12. Determine f(n).
5
Let i = 792 - 403. Let l = i - 393. Let c(u) = 2*u**2 - 4. What is c(l)?
28
Let m(r) = -11*r**3 - 46*r**2 + 16*r + 13. Let g(b) = -5*b**3 - 20*b**2 + 8*b + 6. Let d(w) = -7*g(w) + 3*m(w). Give d(-4).
-67
Let z(x) be the third derivative of -x**6/120 + x**5/12 + 3*x**4/4 - 4*x**3 + 1513*x**2. Determine z(7).
4
Let s(x) = -2*x + 2. Suppose 7*a - 42 = -7. Suppose -a*o + 15 = -q - 0*o, 4*o - 70 = -5*q. Suppose q*h - 8 = 12*h. Calculate s(h).
10
Let p(x) = 2*x - 47. Let g be p(27). Let a(d) = -d + g*d**2 - 6*d**2 - 3*d**2 + 6*d**2. Give a(-1).
5
Let y be 24/(-4) + (11 - 6). Let i(u) = 46*u**3 - 3*u**2 - 2*u + 5. Let s(m) = -47*m**3 + 4*m**2 + 3*m - 7. Let d(k) = 3*i(k) + 2*s(k). Calculate d(y).
-44
Let a(k) = -k**3 - 10*k**2 - 11*k - 10. Suppose -2*g + 4*m + 416 = 0, 8*g - m - 422 = 6*g. Let j = g - 221. Determine a(j).
8
Suppose 2*g + 3*s + 0 = -11, 0 = g - 2*s - 5. Let z = -4350 - -4351. Let o be 7 + -5 + 5 + g - z. Let u(j) = -j**2 + 4*j + 1. Determine u(o).
-4
Let u(p) = 8*p - 1. Let f(j) = -20*j + 27. Let o(m) = 2*f(m) + 4*u(m). What is o(5)?
10
Let h = 1297 - 1303. Let j(s) be the third derivative of -s**5/60 - 5*s**4/24 + 5*s**3/6 - 4*s**2. What is j(h)?
-1
Let g(f) be the third derivative of 7*f**4/24 + 8*f**3/3 - 908*f**2. What is g(-5)?
-19
Let z(q) = -4 + 1 + 3*q**2 + 3*q - q**3 + 3*q. Let l(j) = -185*j - 689. Let d be l(-4). Suppose -d = -52*s + 157. Calculate z(s).
5
Let r(f) = 8*f - 13. Let o = 5287 - 5275. Give r(o).
83
Let s(n) = -4*n**2 - 5*n + 8. Let x(i) = 3*i**2 - i - 1. Let j(r) = s(r) + 2*x(r). What is j(4)?
10
Let t be 1/(1/(-6)*3). Let a = -4 + 6. Let y(l) = -2*l**a - 2*l - 19 + 0*l**2 + 17 + 5*l**2. What is y(t)?
14
Let z(q) = -17*q**3 - 25*q**2 - 48*q - 114. Let u(n) = 29*n**3 + 41*n**2 + 80*n + 188. Let v(b) = -7*u(b) - 12*z(b). Determine v(-12).
4
Let t(l) = -11*l**3 - 21*l**2 + 19*l - 9. Let o(b) = 5*b**3 + 10*b**2 - 9*b + 4. Let v(w) = -13*o(w) - 6*t(w). What is v(3)?
2
Let i = -6 + 0. Let y(t) = -4*t**3 - 9*t**2 + 3*t - 13. Let j(f) = -9*f**3 - 19*f**2 + 7*f - 29. Let d(z) = -3*j(z) + 7*y(z). Determine d(i).
-4
Suppose -4 = -6*k + 26. Suppose 0 = -k*a + 53 - 33. Let o(q) = a + 9*q**2 + 4*q**2 - 12*q**2 - 8*q. What is o(7)?
-3
Let n(u) = -u**2 + 29*u + 201. Suppose -133 = 33*p + 65. Determine n(p).
-9
Let u(i) = 3*i + 5. Let r(c) = 4*c + 4. Let d(g) = 2*r(g) - 3*u(g). Let z(l) = -54*l + 319. Let j be z(-6). Let t = j + -652. Calculate d(t).
2
Let p(t) be the first derivative of -37*t**4/4 + 2*t**3/3 - t**2 + t - 1. Let f be 2*6 + 3 + (113 - 127). Calculate p(f).
-36
Let b(h) be the third derivative of -h**5/60 - 3*h**4/8 - 7*h**3/6 + 200*h**2. Let v = 24 - 31. What is b(v)?
7
Let l(d) be the third derivative of -d**5/10 + d**4/24 - d**3/6 - d**2 + 161*d. Let m(v) = -v + 7. Suppose -8 - 10 = -3*b. Let w be m(b). Determine l(w).
-6
Let w(c) be the first derivative of -c**4/4 - c**3 - 3*c**2/2 - 7*c + 799. What is w(-3)?
2
Let a(s) be the third derivative of s**4/8 + 17*s**3 + 1309*s**2. Give a(-32).
6
Let c(o) be the second derivative of -o**4/12 + o**3 - 7*o**2/2 + 26301*o. Let u(p) = p**2 + 4*p + 6. Let f be u(-4). What is c(f)?
-7
Suppose -4*y - 5*i + 159 - 75 = 0, 2*y - 28 = i. Let q(g) = 2*g - 33. Give q(y).
-1
Suppose -108 + 110 = i. Suppose -5*q = 5*y - 10, i*y = -2*q - 2*q. Let x(d) = d + 5 - 2 - 2. Give x(y).
5
Suppose -v = 5*j - 24, j = 4*v - 2*j - 27. Let t(z) be the first derivative of -5*z + v + 1/4*z**4 + 4/3*z**3 - 1/2*z**2. Calculate t(-4).
-1
Let t(m) = m**3 + 6*m**2 - 11*m - 15. Suppose 3*u - 2*f + 350 = 319, 0 = -4*u + f - 33. What is t(u)?
13
Let o be -4*(-4)/(-5)*-5. Let f(d) = 12*d**2 - 707*d - 44. Let l be f(59). Let z be 6/l + o/10 + -2. Let g(u) = u**2 - u + 23. Give g(z).
23
Suppose -147*z = -15*z - 183 - 1137. Let j(u) = -2*u**3 + 19*u**2 + 12*u - 18. Give j(z).
2
Let t(g) = -24*g**2 - 25*g + 62. Let y(b) = 13*b**2 + 13*b - 30. Let s(o) = -6*t(o) - 11*y(o). Determine s(-11).
2
Let b(g) = g**2 - g - 3. Let c be 7/((3/(63/14))/((-6)/9)). Give b(c).
53
Let v(q) = -q**3 + 9*q**2 - 8*q + 2. Let p(n) = 9*n**2 - 1. Let b(u) = 4*u**2 + 23*u - 5. Let m be b(-6). Let z be p(m). Give v(z).
2
Let s(k) be the first derivative of -k**3/3 + 7*k**2 + 41*k - 53. Calculate s(17).
-10
Let c(u) = -5472*u + 10977*u - 5490*u + 176. Determine c(-12).
-4
Let c(a) = -3*a**2 - 22*a + 15. Suppose -9*g = -51*g - 336. What is c(g)?
-1
Let y(l) = l**3 - 5*l**2 - l - 3. Suppose -3*c - 47 = -59. Let k(p) = p**3 - 6*p**2 - 2*p - 4. Let j(z) = c*y(z) - 3*k(z). Calculate j(2).
4
Let q(a) be the first derivative of -7/3*a**3 + 1/2*a**4 - 2*a + 64 + 3/2*a**2. Give q(3).
-2
Let s(c) = 3*c - 1. Let v(m) = -m**3 + 12*m**2 - 9*m - 16. Let n be v(11). Suppose -n*g + 126 = g. Let j = 17 - g. What is s(j)?
-4
Suppose -5*r = -5*d + 30, 41*r = -5*d + 43*r + 27. Let y(w) = -w**3 + 4*w**2 - 4*w + 62. What is y(d)?
17
Suppose h = -7*k + 2*k - 5, 5*k = h + 5. Let v(a) = a**2 + a - 113 + 114 + k*a + 0*a. What is v(-2)?
3
Let f(j) be the third derivative of j**7/2520 - j**6/72 + j**5/30 + 229*j**4/24 + 83*j**2. Let t(w) be the second derivative of f(w). What is t(9)?
-5
Let k(n) = 12*n + 80. Let l = 2372 - 2379. Calculate k(l).
-4
Let q(o) = -2*o**2 - 15*o + 35. Let x = -3675 + 3666. Calculate q(x).
8
Let v(r) = -103*r + 5 + 102*r - 10. Let q(b) = b**2 + 8*b + 7. Let o be q(-7). Calculate v(o).
-5
Suppose 6*o - 3*o - 1020 = 3*g, 5*o - 2*g = 1694. Let u(j) = j**2 - 5*j + 6. Let y be u(4). Let f(h) = -o - 331 + 665 + y*h. Determine f(-4).
-12
Let l(x) be the first derivative of 2*x**3/3 - 3*x**2/2 - 36*x - 200. Determine l(-4).
8
Let j(g) = -48*g**2 - 239*g + 19. Let b be j(-5). Let v(y) = 4*y - 10. Give v(b).
46
Let g = -2117 - -1389. Let u be -7*(-16)/g - 4/(-26). Let v(j) = 2*j + 11. Determine v(u).
11
Let a = -38 - -40. Let g(s) = 6*s**3 + 5*s**2 - 3*s + 1. Let c(r) = 5*r**3 + 3*r**2 - 3*r + 1. Let v(k) = -3*c(k) + 2*g(k). Give v(a).
-15
Let m(y) be the first derivative of -y**3/